Convert 3 (base 16) to base 11.
3
Convert 17 (base 11) to base 3.
200
What is 0 (base 8) in base 16?
0
Convert 8 (base 14) to base 6.
12
What is -5 (base 10) in base 4?
-11
-3 (base 6) to base 13
-3
Convert 133 (base 7) to base 3.
2201
What is -5 (base 15) in base 8?
-5
Convert 6 (base 15) to base 5.
11
What is -1 (base 8) in base 14?
-1
65 (base 10) to base 14
49
What is 23 (base 7) in base 8?
21
-44 (base 11) to base 16
-30
3 (base 13) to base 6
3
Convert 10 (base 15) to base 2.
1111
-2 (base 16) to base 6
-2
Convert 2 (base 7) to base 11.
2
1 (base 6) to base 13
1
What is -32 (base 5) in base 8?
-21
2 (base 7) to base 14
2
6 (base 14) to base 2
110
What is 1202 (base 4) in base 3?
10122
Convert -86 (base 13) to base 11.
-a0
3 (base 7) to base 11
3
Convert 86 (base 14) to base 6.
314
Convert -110 (base 2) to base 10.
-6
What is 5 (base 13) in base 5?
10
45 (base 8) to base 6
101
-1 (base 6) to base 4
-1
5 (base 14) to base 10
5
-2120 (base 3) to base 12
-59
232 (base 4) to base 14
34
Convert -121 (base 3) to base 8.
-20
1100011 (base 2) to base 14
71
-a (base 13) to base 5
-20
-1cb (base 14) to base 4
-11313
Convert 1200 (base 3) to base 8.
55
What is -2 (base 13) in base 5?
-2
Convert 2 (base 11) to base 14.
2
111 (base 2) to base 5
12
What is 3 (base 8) in base 16?
3
Convert -a2 (base 12) to base 11.
-101
Convert -203 (base 5) to base 6.
-125
-1 (base 3) to base 13
-1
Convert 1 (base 8) to base 14.
1
8 (base 10) to base 6
12
a (base 15) to base 13
a
Convert -2 (base 6) to base 10.
-2
Convert -a (base 13) to base 14.
-a
-201 (base 4) to base 12
-29
Convert -21 (base 7) to base 4.
-33
Convert 11 (base 11) to base 2.
1100
Convert -203 (base 5) to base 6.
-125
What is 10100 (base 2) in base 15?
15
What is 44 (base 8) in base 11?
33
What is -104 (base 6) in base 8?
-50
Convert -12 (base 10) to base 15.
-c
What is -221 (base 6) in base 15?
-5a
Convert -101 (base 3) to base 9.
-11
What is -15 (base 6) in base 4?
-23
What is 9 (base 12) in base 7?
12
Convert 6 (base 12) to base 4.
12
Convert 51 (base 13) to base 7.
123
-6 (base 8) to base 7
-6
0 (base 5) to base 13
0
1 (base 16) to base 8
1
What is 3 (base 6) in base 15?
3
5 (base 15) to base 4
11
Convert 3 (base 5) to base 4.
3
-157 (base 9) to base 15
-8d
Convert -6 (base 12) to base 2.
-110
What is 0 (base 6) in base 2?
0
What is -6 (base 10) in base 12?
-6
-10 (base 4) to base 12
-4
What is -10 (base 2) in base 11?
-2
What is -27 (base 15) in base 13?
-2b
-100 (base 2) to base 8
-4
What is -2 (base 11) in base 6?
-2
What is 6 (base 7) in base 14?
6
What is -23 (base 7) in base 14?
-13
What is -3023 (base 4) in base 8?
-313
2 (base 5) to base 8
2
What is 227 (base 13) in base 7?
1040
-3 (base 13) to base 4
-3
What is 15 (base 9) in base 14?
10
What is 4 (base 12) in base 10?
4
Convert 6 (base 10) to base 12.
6
4 (base 12) to base 16
4
What is 4 (base 9) in base 3?
11
1 (base 7) to base 12
1
What is 9 (base 11) in base 4?
21
Convert -22122 (base 3) to base 7.
-452
What is 129 (base 15) in base 2?
100001000
Convert -114 (base 10) to base 16.
-72
Convert -4 (base 13) to base 15.
-4
-6 (base 14) to base 4
-12
What is 8 (base 9) in base 4?
20
Convert 11 (base 14) to base 16.
f
Convert -31 (base 6) to base 5.
-34
What is -7 (base 14) in base 9?
-7
Convert a5 (base 12) to base 7.
236
Convert 11 (base 4) to base 13.
5
What is 1 (base 7) in base 11?
1
Convert 2 (base 15) to base 5.
2
Convert -2 (base 12) to base 9.
-2
What is -c (base 16) in base 7?
-15
What is -a (base 13) in base 6?
-14
Convert 18 (base 13) to base 15.
16
Convert -11 (base 4) to base 6.
-5
74 (base 13) to base 2
1011111
What is -10100 (base 2) in base 12?
-18
-23 (base 12) to base 4
-123
5 (base 11) to base 10
5
Convert 2 (base 8) to base 16.
2
2 (base 7) to base 12
2
380 (base 9) to base 5
2230
Convert 21 (base 3) to base 4.
13
What is -1 (base 4) in base 3?
-1
-24 (base 10) to base 7
-33
-5 (base 11) to base 12
-5
What is 1 (base 13) in base 5?
1
What is -39 (base 12) in base 13?
-36
-11 (base 16) to base 11
-16
What is 101 (base 3) in base 4?
22
What is 2 (base 4) in base 16?
2
What is 3 (base 4) in base 11?
3
Convert 22 (base 15) to base 8.
40
-24 (base 5) to base 9
-15
What is 19 (base 13) in base 15?
17
Convert -14 (base 5) to base 10.
-9
-3 (base 15) to base 13
-3
What is -31 (base 6) in base 8?
-23
-1 (base 8) to base 13
-1
What is -102 (base 6) in base 11?
-35
-23 (base 9) to base 8
-25
0 (base 2) to base 10
0
Convert 9 (base 14) to base 12.
9
45 (base 9) to base 7
56
What is 2 (base 10) in base 14?
2
-3 (base 12) to base 6
-3
What is -21 (base 13) in base 12?
-23
What is 4 (base 12) in base 7?
4
Convert 67 (base 10) to base 7.
124
Convert 10 (base 4) to base 2.
100
-c (base 16) to base 3
-110
3c (base 14) to base 3
2000
Convert -1c (base 15) to base 13.
-21
Convert -22 (base 5) to base 15.
-c
42 (base 9) to base 6
102
6 (base 16) to base 12
6
Convert 23 (base 6) to base 3.
120
1 (base 9) to base 6
1
Convert 32 (base 5) to base 7.
23
Convert -b (base 13) to base 2.
-1011
-8 (base 12) to base 8
-10
1 (base 8) to base 11
1
What is -10001 (base 2) in base 8?
-21
Convert -b (base 13) to base 3.
-102
Convert 3 (base 12) to base 16.
3
What is -73 (base 14) in base 13?
-7a
Convert -1011 (base 3) to base 5.
-111
What is -6 (base 15) in base 12?
-6
Convert -110 (base 2) to base 15.
-6
-10 (base 2) to base 15
-2
Convert 53 (base 13) to base 7.
125
Convert -30 (base 12) to base 5.
-121
What is a4 (base 11) in base 6?
310
What is 4 (base 11) in base 9?
4
What is 172 (base 8) in base 5?
442
Convert 0 (base 6) to base 7.
0
33 (base 8) to base 16
1b
What is 5 (base 16) in base 12?
5
-1 (base 7) to base 5
-1
What is -1 (base 11) in base 10?
-1
Convert 8 (base 14) to base 4.
20
-12 (base 8) to base 5
-20
Convert 3 (base 16) to base 7.
3
What is -297 (base 10) in base 3?
-102000
0 (base 10) to base 9
0
-2 (base 11) to base 3
-2
13 (base 5) to base 6
12
3 (base 9) to base 3
10
Convert -2 (base 11) to base 4.
-2
What is 61 (base 11) in base 5?
232
What is -2002 (base 4) in base 15?
-8a
Convert -22a (base 13) to base 2.
-101110110
117 (base 11) to base 12
b7
Convert -3 (base 7) to base 8.
-3
4 (base 9) to base 11
4
What is -113 (base 10) in base 11?
-a3
2 (base 3) to base 12
2
What is 1 (base 10) in base 9?
1
What is -10000 (base 2) in base 5?
-31
What is 6 (base 9) in base 15?
6
What is 2101 (base 4) in base 15?
9a
-10 (base 8) to base 9
-8
-78 (base 11) to base 15
-5a
What is 10000 (base 2) in base 15?
11
What is -13 (base 11) in base 15?
-e
Convert 12 (base 7) to base 13.
9
Convert 123 (base 4) to base 2.
11011
-1 (base 11) to base 4
-1
Convert -100111 (base 2) to base 14.
-2b
Convert -3 (base 5) to base 10.
-3
-1 (base 11) to base 16
-1
Convert -2 (base 13) to base 14.
-2
Convert -310 (base 9) to base 6.
-1100
14 (base 7) to base 10
11
Convert -2101 (base 3) to base 15.
-44
5 (base 15) to base 6
5
-c (base 16) to base 15
-c
Convert -2 (base 4) to base 11.
-2
What is -7a (base 11) in base 4?
-1113
11 (base 5) to base 13
6
Convert -a (base 15) to base 6.
-14
-a (base 12) to base 6
-14
What is -46 (base 16) in base 3?
-2121
What is 26 (base 16) in base 9?
42
13 (base 10) to base 14
d
Convert 10 (base 4) to base 6.
4
-3 (base 7) to base 15
-3
10000 (base 2) to base 5
31
2 (base 16) to base 3
2
Convert 2 (base 10) to base 12.
2
What is 17 (base 8) in base 9?
16
Convert 11 (base 4) to base 5.
10
Convert 1011010 (base 2) to base 9.
110
3 (base 8) to base 9
3
110 (base 4) to base 11
19
Convert 3 (base 10) to base 16.
3
What is -a (base 13) in base 11?
-a
What is -3 (base 10) in base 15?
-3
What is 12 (base 3) in base 13?
5
Convert 0 (base 5) to base 11.
0
What is 100 (base 2) in base 12?
4
-1010 (base 2) to base 14
-a
Convert 77 (base 8) to base 2.
111111
What is -54 (base 15) in base 5?
-304
5 (base 6) to base 10
5
40 (base 14) to base 2
111000
What is 334 (base 5) in base 9?
114
What is -24 (base 10) in base 7?
-33
24 (base 5) to base 6
22
Convert -47 (base 12) to base 5.
-210
-104 (base 6) to base 9
-44
What is -7 (base 10) in base 12?
-7
Convert 4 (base 9) to base 11.
4
-2 (base 4) to base 16
-2
What is 1001 (base 2) in base 6?
13
Convert 1 (base 14) to base 15.
1
-2 (base 4) to base 16
-2
What is 0 (base 15) in base 9?
0
What is -42 (base 6